{"id":180,"date":"2017-09-08T23:23:13","date_gmt":"2017-09-08T21:23:13","guid":{"rendered":"http:\/\/rueil-star.com\/site\/?page_id=180"},"modified":"2025-08-31T12:19:31","modified_gmt":"2025-08-31T10:19:31","slug":"comite-directeur","status":"publish","type":"page","link":"https:\/\/rueil-star.com\/site\/index.php\/le-club\/comite-directeur\/","title":{"rendered":"Comit\u00e9 Directeur"},"content":{"rendered":"\n<p>Les 6 \u00e0 12 membres du Comit\u00e9 Directeur sont \u00e9lus par les adh\u00e9rents lors des Assembl\u00e9es G\u00e9n\u00e9rales.<br>Le pr\u00e9sident est \u00e9lu par les adh\u00e9rents lors des Assembl\u00e9es G\u00e9n\u00e9rales, sur proposition du Conseil d&rsquo;Administration.<br>En dehors de celle de pr\u00e9sident, la fonction d&rsquo;un membre \u00e9lu lui est attribu\u00e9e par le Conseil d&rsquo;Administration lors de la r\u00e9union du Bureau qui suit son \u00e9lection. Pour les postes vacants, l&rsquo;Assembl\u00e9e G\u00e9n\u00e9rale suivante proc\u00e8de \u00e0 leurs remplacements pour le temps qui s&rsquo;\u00e9coulera jusqu&rsquo;\u00e0 l&rsquo;\u00e9lection suivante. Le Conseil peut s&rsquo;adjoindre un ou plusieurs membres qui si\u00e8gent \u00e0 titre consultatif.<\/p>\n\n\n\n<p><strong>LES MEMBRES DU BUREAU<\/strong><\/p>\n\n\n\n<figure class=\"wp-block-gallery has-nested-images columns-5 is-cropped wp-block-gallery-1 is-layout-flex wp-block-gallery-is-layout-flex\">\n<figure class=\"wp-block-image size-large\"><img loading=\"lazy\" decoding=\"async\" width=\"500\" height=\"499\" data-id=\"1779\" src=\"https:\/\/rueil-star.com\/site\/wp-content\/uploads\/2019\/11\/ChristianD.png\" alt=\"\" class=\"wp-image-1779\" srcset=\"https:\/\/rueil-star.com\/site\/wp-content\/uploads\/2019\/11\/ChristianD.png 500w, https:\/\/rueil-star.com\/site\/wp-content\/uploads\/2019\/11\/ChristianD-150x150.png 150w, https:\/\/rueil-star.com\/site\/wp-content\/uploads\/2019\/11\/ChristianD-300x300.png 300w\" sizes=\"auto, (max-width: 500px) 85vw, 500px\" \/><\/figure>\n\n\n\n<figure class=\"wp-block-image size-large\"><img loading=\"lazy\" decoding=\"async\" width=\"500\" height=\"499\" data-id=\"1778\" src=\"https:\/\/rueil-star.com\/site\/wp-content\/uploads\/2019\/11\/Audrey.png\" alt=\"\" class=\"wp-image-1778\" srcset=\"https:\/\/rueil-star.com\/site\/wp-content\/uploads\/2019\/11\/Audrey.png 500w, https:\/\/rueil-star.com\/site\/wp-content\/uploads\/2019\/11\/Audrey-150x150.png 150w, https:\/\/rueil-star.com\/site\/wp-content\/uploads\/2019\/11\/Audrey-300x300.png 300w\" sizes=\"auto, (max-width: 500px) 85vw, 500px\" \/><\/figure>\n\n\n\n<figure class=\"wp-block-image size-large\"><img loading=\"lazy\" decoding=\"async\" width=\"500\" height=\"499\" data-id=\"1781\" src=\"https:\/\/rueil-star.com\/site\/wp-content\/uploads\/2019\/11\/Isabelle.png\" alt=\"\" class=\"wp-image-1781\" srcset=\"https:\/\/rueil-star.com\/site\/wp-content\/uploads\/2019\/11\/Isabelle.png 500w, https:\/\/rueil-star.com\/site\/wp-content\/uploads\/2019\/11\/Isabelle-150x150.png 150w, https:\/\/rueil-star.com\/site\/wp-content\/uploads\/2019\/11\/Isabelle-300x300.png 300w\" sizes=\"auto, (max-width: 500px) 85vw, 500px\" \/><\/figure>\n\n\n\n<figure class=\"wp-block-image size-large\"><img loading=\"lazy\" decoding=\"async\" width=\"500\" height=\"499\" data-id=\"1780\" src=\"https:\/\/rueil-star.com\/site\/wp-content\/uploads\/2019\/11\/Erik.png\" alt=\"\" class=\"wp-image-1780\" srcset=\"https:\/\/rueil-star.com\/site\/wp-content\/uploads\/2019\/11\/Erik.png 500w, https:\/\/rueil-star.com\/site\/wp-content\/uploads\/2019\/11\/Erik-150x150.png 150w, https:\/\/rueil-star.com\/site\/wp-content\/uploads\/2019\/11\/Erik-300x300.png 300w\" sizes=\"auto, (max-width: 500px) 85vw, 500px\" \/><\/figure>\n\n\n\n<figure class=\"wp-block-image size-large\"><img loading=\"lazy\" decoding=\"async\" width=\"500\" height=\"499\" data-id=\"1782\" src=\"https:\/\/rueil-star.com\/site\/wp-content\/uploads\/2019\/11\/Martine.png\" alt=\"\" class=\"wp-image-1782\" srcset=\"https:\/\/rueil-star.com\/site\/wp-content\/uploads\/2019\/11\/Martine.png 500w, https:\/\/rueil-star.com\/site\/wp-content\/uploads\/2019\/11\/Martine-150x150.png 150w, https:\/\/rueil-star.com\/site\/wp-content\/uploads\/2019\/11\/Martine-300x300.png 300w\" sizes=\"auto, (max-width: 500px) 85vw, 500px\" \/><\/figure>\n\n\n\n<figure class=\"wp-block-image size-large\"><img loading=\"lazy\" decoding=\"async\" width=\"500\" height=\"499\" data-id=\"1783\" src=\"https:\/\/rueil-star.com\/site\/wp-content\/uploads\/2019\/11\/Seb.png\" alt=\"\" class=\"wp-image-1783\" srcset=\"https:\/\/rueil-star.com\/site\/wp-content\/uploads\/2019\/11\/Seb.png 500w, https:\/\/rueil-star.com\/site\/wp-content\/uploads\/2019\/11\/Seb-150x150.png 150w, https:\/\/rueil-star.com\/site\/wp-content\/uploads\/2019\/11\/Seb-300x300.png 300w\" sizes=\"auto, (max-width: 500px) 85vw, 500px\" \/><\/figure>\n\n\n\n<figure class=\"wp-block-image size-large\"><img loading=\"lazy\" decoding=\"async\" width=\"500\" height=\"499\" data-id=\"1784\" src=\"https:\/\/rueil-star.com\/site\/wp-content\/uploads\/2019\/11\/Sylvie.png\" alt=\"\" class=\"wp-image-1784\" srcset=\"https:\/\/rueil-star.com\/site\/wp-content\/uploads\/2019\/11\/Sylvie.png 500w, https:\/\/rueil-star.com\/site\/wp-content\/uploads\/2019\/11\/Sylvie-150x150.png 150w, https:\/\/rueil-star.com\/site\/wp-content\/uploads\/2019\/11\/Sylvie-300x300.png 300w\" sizes=\"auto, (max-width: 500px) 85vw, 500px\" \/><\/figure>\n\n\n\n<figure class=\"wp-block-image size-large\"><img loading=\"lazy\" decoding=\"async\" width=\"500\" height=\"499\" data-id=\"1785\" src=\"https:\/\/rueil-star.com\/site\/wp-content\/uploads\/2019\/11\/Thierry.png\" alt=\"\" class=\"wp-image-1785\" srcset=\"https:\/\/rueil-star.com\/site\/wp-content\/uploads\/2019\/11\/Thierry.png 500w, https:\/\/rueil-star.com\/site\/wp-content\/uploads\/2019\/11\/Thierry-150x150.png 150w, https:\/\/rueil-star.com\/site\/wp-content\/uploads\/2019\/11\/Thierry-300x300.png 300w\" sizes=\"auto, (max-width: 500px) 85vw, 500px\" \/><\/figure>\n\n\n\n<figure class=\"wp-block-image size-large\"><img loading=\"lazy\" decoding=\"async\" width=\"500\" height=\"499\" data-id=\"1794\" src=\"https:\/\/rueil-star.com\/site\/wp-content\/uploads\/2019\/11\/ChristianH.png\" alt=\"\" class=\"wp-image-1794\" srcset=\"https:\/\/rueil-star.com\/site\/wp-content\/uploads\/2019\/11\/ChristianH.png 500w, https:\/\/rueil-star.com\/site\/wp-content\/uploads\/2019\/11\/ChristianH-150x150.png 150w, https:\/\/rueil-star.com\/site\/wp-content\/uploads\/2019\/11\/ChristianH-300x300.png 300w\" sizes=\"auto, (max-width: 500px) 85vw, 500px\" \/><\/figure>\n\n\n\n<figure class=\"wp-block-image size-large\"><img loading=\"lazy\" decoding=\"async\" width=\"1024\" height=\"1021\" data-id=\"2476\" src=\"https:\/\/rueil-star.com\/site\/wp-content\/uploads\/2025\/08\/Yann2-1024x1021.png\" alt=\"\" class=\"wp-image-2476\" srcset=\"https:\/\/rueil-star.com\/site\/wp-content\/uploads\/2025\/08\/Yann2-1024x1021.png 1024w, https:\/\/rueil-star.com\/site\/wp-content\/uploads\/2025\/08\/Yann2-300x300.png 300w, https:\/\/rueil-star.com\/site\/wp-content\/uploads\/2025\/08\/Yann2-150x150.png 150w, https:\/\/rueil-star.com\/site\/wp-content\/uploads\/2025\/08\/Yann2-768x766.png 768w, https:\/\/rueil-star.com\/site\/wp-content\/uploads\/2025\/08\/Yann2.png 1121w\" sizes=\"auto, (max-width: 709px) 85vw, (max-width: 909px) 67vw, (max-width: 1362px) 62vw, 840px\" \/><\/figure>\n<\/figure>\n\n\n\n<h3 class=\"wp-block-heading\">Le Pr\u00e9sident<\/h3>\n\n\n\n<p>Il a un r\u00f4le de repr\u00e9sentation de l&rsquo;association aupr\u00e8s des diff\u00e9rentes autorit\u00e9s sportives (FFTA, Ligue IDF, Comit\u00e9 D\u00e9partemental&#8230;) et non sportives (Municipalit\u00e9, Conseil G\u00e9n\u00e9ral, CNDS&#8230;). Il veille au bon fonctionnement de l&rsquo;association en harmonie avec le mandat qui lui a \u00e9t\u00e9 confi\u00e9 par le Conseil d&rsquo;administration.<\/p>\n\n\n\n<ul class=\"wp-block-list\"><li>\npresident.tiralarc.rueil@gmail.com\n<\/li><\/ul>\n\n\n\n<h3 class=\"wp-block-heading\">La Tr\u00e9sori\u00e8re<\/h3>\n\n\n\n<p>Elle a en charge la comptabilit\u00e9 de l&rsquo;association (gestion des recettes et des d\u00e9penses). Elle produit chaque ann\u00e9e un budget pr\u00e9visionnel et, une fois par an lors de l&rsquo;Assembl\u00e9e G\u00e9n\u00e9rale, un bilan et un compte de pertes et profits. Elle s&rsquo;occupe de la gestion des licences.<\/p>\n\n\n\n<ul class=\"wp-block-list\"><li>\ngestion.tiralarc.rueil@gmail.com\n<\/li><\/ul>\n\n\n\n<h3 class=\"wp-block-heading\">La Secr\u00e9taire<\/h3>\n\n\n\n<p>Elle a en charge la r\u00e9daction des diff\u00e9rents courriers relatifs \u00e0 l&rsquo;association et en assure la diffusion. Elle r\u00e9alise les P.V. des diff\u00e9rentes r\u00e9unions de bureau et de comit\u00e9s et en assure la diffusion.<\/p>\n\n\n\n<ul class=\"wp-block-list\"><li>\nsecretaire.tiralarc.rueil@gmail.com\n<\/li><\/ul>\n\n\n\n<h3 class=\"wp-block-heading\">La Vice-pr\u00e9sidente<\/h3>\n\n\n\n<p>Elle remplace le pr\u00e9sident en cas d&rsquo;absence et en assure les fonctions.<\/p>\n\n\n\n<h3 class=\"wp-block-heading\">Le Tr\u00e9sorier adjoint<\/h3>\n\n\n\n<p>Il remplace le tr\u00e9sorier en cas de n\u00e9cessit\u00e9. Il aide aux diff\u00e9rentes fonctions du tr\u00e9sorier (licences&#8230;).<\/p>\n\n\n\n<h3 class=\"wp-block-heading\">Le Secr\u00e9taire adjoint<\/h3>\n\n\n\n<p>Il&nbsp;apporte son aide&nbsp;\u00e0 la&nbsp;secr\u00e9taire dans ses diff\u00e9rentes fonctions et la remplace en cas d&rsquo;absence.<\/p>\n\n\n\n<h2 class=\"wp-block-heading\">Les Commissions et leurs responsables<\/h2>\n\n\n\n<h3 class=\"wp-block-heading\">Commission Formation<\/h3>\n\n\n\n<p>Son objectif est d&rsquo;organiser et d&rsquo;harmoniser l&rsquo;ensemble de la formation au sein du club afin d&rsquo;avoir une \u00e9volution coh\u00e9rente de celle-ci et un suivi des archers. Elle diffuse \u00e0 l&rsquo;ensemble des archers les principales dates des stages et formations. Le responsable est aid\u00e9 dans sa t\u00e2che par l&rsquo;ensemble des intervenants du club (BE, entra\u00eeneurs, initiateurs et animateurs).<\/p>\n\n\n\n<h3 class=\"wp-block-heading\">Commission Informatique<\/h3>\n\n\n\n<p>Le responsable assure la liaison informatique entre le club et les diff\u00e9rentes entit\u00e9s sportives (F\u00e9d\u00e9ration, Ligue, Comit\u00e9 D\u00e9partemental, clubs&#8230;). Il assure la gestion informatique des concours et la production des r\u00e9sultats aupr\u00e8s des entit\u00e9s \u00e9voqu\u00e9es ci-dessus si n\u00e9cessaire.<br>Le webmestre a en charge la gestion du site Internet de la STAR.<\/p>\n\n\n\n<ul class=\"wp-block-list\"><li>\n<a href=\"mailto:webmaster@rueil-star.com\">webmaster<\/a>@<a href=\"mailto:webmaster@rueil-star.com\">rueil-star.com<\/a>\n<\/li><\/ul>\n\n\n\n<h3 class=\"wp-block-heading\">Commission Festivit\u00e9s<\/h3>\n\n\n\n<p>Elle g\u00e8re toutes les questions d&rsquo;intendance lors des diff\u00e9rentes manifestations. Elle assure \u00e9galement la gestion des boissons du club et la mise \u00e0 disposition de celles-ci aupr\u00e8s des archers.<\/p>\n\n\n\n<h3 class=\"wp-block-heading\">Commission Jeunes<\/h3>\n\n\n\n<p>Elle constitue le lien privil\u00e9gi\u00e9 entre les jeunes (d\u00e9butants et confirm\u00e9s), leurs parents et les responsables techniques jeunes.<br>Son r\u00f4le consiste \u00e0 :<br>&#8211; fournir les informations aux jeunes et aux parents en mati\u00e8re de convocations diverses ;<br>&#8211; g\u00e9rer le mat\u00e9riel lou\u00e9 ou pr\u00eat\u00e9 en relation avec le responsable ;<br>&#8211; assurer une pr\u00e9sence autant que n\u00e9cessaire lors des s\u00e9ances d&rsquo;initiation, d&rsquo;entra\u00eenement ou des comp\u00e9titions jeunes ;<br>&#8211; participer \u00e0 l&rsquo;organisation de la comp\u00e9tition \u00ab\u00a0Sp\u00e9cial Jeunes\u00a0\u00bb.<\/p>\n\n\n\n<h3 class=\"wp-block-heading\">Commission Mat\u00e9riel<\/h3>\n\n\n\n<p>Elle&nbsp;a en charge le petit et le gros mat\u00e9riel. Elle suit les stocks et assure l&rsquo;entretien, la remise en \u00e9tat et le renouvellement. Elle est amen\u00e9e \u00e0 faire appel aux bonnes volont\u00e9s pour l&rsquo;aider ponctuellement dans sa t\u00e2che (remise en \u00e9tat, d\u00e9placement de mat\u00e9riel, &#8230;).<br>Question petit mat\u00e9riel, ils g\u00e8rent le pr\u00eat et la location des arcs, fl\u00e8ches, etc.<br>Question gros mat\u00e9riel, ils s&rsquo;occupent de la ciblerie, des feux et de tout l&rsquo;\u00e9quipement n\u00e9cessaire pour l&rsquo;organisation des concours.<br>Ils sont vos interlocuteurs privil\u00e9gi\u00e9s pour toute demande concernant le mat\u00e9riel (emprunt d&rsquo;arc, d\u00e9placement de cibles,&#8230;) qui doit leur \u00eatre communiqu\u00e9e pour accord.<\/p>\n","protected":false},"excerpt":{"rendered":"<p>Les 6 \u00e0 12 membres du Comit\u00e9 Directeur sont \u00e9lus par les adh\u00e9rents lors des Assembl\u00e9es G\u00e9n\u00e9rales.Le pr\u00e9sident est \u00e9lu par les adh\u00e9rents lors des Assembl\u00e9es G\u00e9n\u00e9rales, sur proposition du Conseil d&rsquo;Administration.En dehors de celle de pr\u00e9sident, la fonction d&rsquo;un membre \u00e9lu lui est attribu\u00e9e par le Conseil d&rsquo;Administration lors de la r\u00e9union du Bureau &hellip; <a href=\"https:\/\/rueil-star.com\/site\/index.php\/le-club\/comite-directeur\/\" class=\"more-link\">Continuer la lecture<span class=\"screen-reader-text\"> de &laquo;&nbsp;Comit\u00e9 Directeur&nbsp;&raquo;<\/span><\/a><\/p>\n","protected":false},"author":2,"featured_media":0,"parent":189,"menu_order":0,"comment_status":"closed","ping_status":"closed","template":"","meta":{"footnotes":""},"class_list":["post-180","page","type-page","status-publish","hentry"],"_links":{"self":[{"href":"https:\/\/rueil-star.com\/site\/index.php\/wp-json\/wp\/v2\/pages\/180","targetHints":{"allow":["GET"]}}],"collection":[{"href":"https:\/\/rueil-star.com\/site\/index.php\/wp-json\/wp\/v2\/pages"}],"about":[{"href":"https:\/\/rueil-star.com\/site\/index.php\/wp-json\/wp\/v2\/types\/page"}],"author":[{"embeddable":true,"href":"https:\/\/rueil-star.com\/site\/index.php\/wp-json\/wp\/v2\/users\/2"}],"replies":[{"embeddable":true,"href":"https:\/\/rueil-star.com\/site\/index.php\/wp-json\/wp\/v2\/comments?post=180"}],"version-history":[{"count":13,"href":"https:\/\/rueil-star.com\/site\/index.php\/wp-json\/wp\/v2\/pages\/180\/revisions"}],"predecessor-version":[{"id":2477,"href":"https:\/\/rueil-star.com\/site\/index.php\/wp-json\/wp\/v2\/pages\/180\/revisions\/2477"}],"up":[{"embeddable":true,"href":"https:\/\/rueil-star.com\/site\/index.php\/wp-json\/wp\/v2\/pages\/189"}],"wp:attachment":[{"href":"https:\/\/rueil-star.com\/site\/index.php\/wp-json\/wp\/v2\/media?parent=180"}],"curies":[{"name":"wp","href":"https:\/\/api.w.org\/{rel}","templated":true}]}}