{"id":365,"date":"2017-09-24T20:01:46","date_gmt":"2017-09-24T18:01:46","guid":{"rendered":"http:\/\/rueil-star.com\/site\/?page_id=365"},"modified":"2026-07-25T13:54:39","modified_gmt":"2026-07-25T11:54:39","slug":"la-salle","status":"publish","type":"page","link":"https:\/\/rueil-star.com\/site\/index.php\/localisation\/la-salle\/","title":{"rendered":"La Salle"},"content":{"rendered":"\n<p class=\"wp-block-paragraph\">La salle est accessible du mois de septembre au mois de juin, aux <a href=\"https:\/\/rueil-star.com\/site\/index.php\/infos-pratiques\/horaires-2026-2027\/\" data-type=\"page\" data-id=\"2908\">heures pr\u00e9vues<\/a>, except\u00e9 durant les vacances scolaires pour lesquelles la STAR obtient des d\u00e9rogations. En g\u00e9n\u00e9ral, la salle est d\u00e9laiss\u00e9e au profit du terrain \u00e0 partir des mois d&rsquo;avril-mai.<\/p>\n\n\n\n<p class=\"wp-block-paragraph\">La STAR dispose, pour ses entra\u00eenements, de deux gymnases.<\/p>\n\n\n\n<h2 class=\"wp-block-heading\">Gymnase des Bons Raisins<\/h2>\n\n\n\n<p class=\"wp-block-paragraph\">Le Gymnase des Bons Raisins se situe au <a href=\"https:\/\/goo.gl\/maps\/qVVCrAC2e8E2\">34, rue des Bons Raisins<\/a>, dans le quartier Plateau Mont-Val\u00e9rien.<br>Une salle de 30\u00a0m\u00e8tres de long \u00e9quip\u00e9e d&rsquo;un mur de stramit pouvant accueillir 11 cibles.<\/p>\n\n\n\n<figure class=\"wp-block-image size-large\"><img loading=\"lazy\" decoding=\"async\" width=\"1024\" height=\"576\" src=\"https:\/\/rueil-star.com\/site\/wp-content\/uploads\/2026\/07\/IMG_4936-1-1024x576.jpg\" alt=\"\" class=\"wp-image-3005\" srcset=\"https:\/\/rueil-star.com\/site\/wp-content\/uploads\/2026\/07\/IMG_4936-1-1024x576.jpg 1024w, https:\/\/rueil-star.com\/site\/wp-content\/uploads\/2026\/07\/IMG_4936-1-300x169.jpg 300w, https:\/\/rueil-star.com\/site\/wp-content\/uploads\/2026\/07\/IMG_4936-1-768x432.jpg 768w, https:\/\/rueil-star.com\/site\/wp-content\/uploads\/2026\/07\/IMG_4936-1-1536x864.jpg 1536w, https:\/\/rueil-star.com\/site\/wp-content\/uploads\/2026\/07\/IMG_4936-1-2048x1152.jpg 2048w, https:\/\/rueil-star.com\/site\/wp-content\/uploads\/2026\/07\/IMG_4936-1-1200x675.jpg 1200w\" sizes=\"auto, (max-width: 709px) 85vw, (max-width: 909px) 67vw, (max-width: 1362px) 62vw, 840px\" \/><\/figure>\n\n\n\n<h3 class=\"wp-block-heading\">Comment venir ? <\/h3>\n\n\n\n<p class=\"wp-block-paragraph\"><strong>En bus :<\/strong><\/p>\n\n\n\n<ul class=\"wp-block-list\">\n<li><img decoding=\"async\" style=\"width: 30px;\" src=\"https:\/\/assets-bff.bonjour-ratp.fr\/pictograms\/svg\/BUSINESS_MODE%3ABUS.svg\" alt=\"Bus\"> <img decoding=\"async\" style=\"width: 30px;\" src=\"https:\/\/assets-bff.bonjour-ratp.fr\/pictograms\/svg\/LIG:IDFM:C01240.svg\" alt=\"Ligne 244\"> : arr\u00eat Les Godardes<\/li>\n\n\n\n<li><img decoding=\"async\" style=\"width: 30px;\" src=\"https:\/\/assets-bff.bonjour-ratp.fr\/pictograms\/svg\/BUSINESS_MODE%3ABUS.svg\" alt=\"Bus\"> <img decoding=\"async\" style=\"width: 30px;\" src=\"https:\/\/assets-bff.bonjour-ratp.fr\/pictograms\/svg\/LIG:IDFM:C01167.svg\" alt=\"Ligne 141\"> : arr\u00eat Saint-Exup\u00e9ry<\/li>\n<\/ul>\n\n\n\n<p class=\"wp-block-paragraph\"><strong>En voiture :<\/strong><\/p>\n\n\n\n<ul class=\"wp-block-list\">\n<li>Stationnement payant dans la rue <\/li>\n\n\n\n<li>Parking Indigo Ma\u00eetres Vignerons<\/li>\n<\/ul>\n\n\n\n<p class=\"wp-block-paragraph\"><\/p>\n\n\n\n<h2 class=\"wp-block-heading\">Gymnase du Vert-Bois<\/h2>\n\n\n\n<p class=\"wp-block-paragraph\">Le Gymnase du Vert Bois est utilis\u00e9 pour les comp\u00e9titions en salle organis\u00e9es par la STAR, et pour <a href=\"https:\/\/rueil-star.com\/site\/index.php\/infos-pratiques\/horaires-2026-2027\/\" data-type=\"page\" data-id=\"2908\">certains cr\u00e9neaux horaires<\/a>. <br><br>Il est situ\u00e9 complexe Sportif du Vert-Bois, au niveau de la c\u00f4te de la Jonch\u00e8re.<\/p>\n\n\n\n<figure class=\"wp-block-image size-large\"><img loading=\"lazy\" decoding=\"async\" width=\"2560\" height=\"2560\" src=\"https:\/\/rueil-star.com\/site\/wp-content\/uploads\/2026\/07\/camphoto_1804928587-edited-scaled.jpg\" alt=\"\" class=\"wp-image-3004\" srcset=\"https:\/\/rueil-star.com\/site\/wp-content\/uploads\/2026\/07\/camphoto_1804928587-edited-scaled.jpg 2560w, https:\/\/rueil-star.com\/site\/wp-content\/uploads\/2026\/07\/camphoto_1804928587-edited-300x300.jpg 300w, https:\/\/rueil-star.com\/site\/wp-content\/uploads\/2026\/07\/camphoto_1804928587-edited-1024x1024.jpg 1024w, https:\/\/rueil-star.com\/site\/wp-content\/uploads\/2026\/07\/camphoto_1804928587-edited-150x150.jpg 150w, https:\/\/rueil-star.com\/site\/wp-content\/uploads\/2026\/07\/camphoto_1804928587-edited-768x768.jpg 768w, https:\/\/rueil-star.com\/site\/wp-content\/uploads\/2026\/07\/camphoto_1804928587-edited-1536x1536.jpg 1536w, https:\/\/rueil-star.com\/site\/wp-content\/uploads\/2026\/07\/camphoto_1804928587-edited-2048x2048.jpg 2048w, https:\/\/rueil-star.com\/site\/wp-content\/uploads\/2026\/07\/camphoto_1804928587-edited-1200x1200.jpg 1200w\" sizes=\"auto, (max-width: 709px) 85vw, (max-width: 909px) 67vw, (max-width: 1362px) 62vw, 840px\" \/><\/figure>\n\n\n\n<h3 class=\"wp-block-heading\">Comment venir ? <\/h3>\n\n\n\n<p class=\"wp-block-paragraph\"><strong>En bus : <\/strong><\/p>\n\n\n\n<ul class=\"wp-block-list\">\n<li><img decoding=\"async\" style=\"width: 30px;\" src=\"https:\/\/assets-bff.bonjour-ratp.fr\/pictograms\/svg\/BUSINESS_MODE%3ABUS.svg\" alt=\"Bus\"> <img decoding=\"async\" style=\"width: 30px;\" src=\"https:\/\/assets-bff.bonjour-ratp.fr\/pictograms\/svg\/LIG:IDFM:C01248.svg\" alt=\"Ligne 258\"> : arr\u00eat La Jonch\u00e8re (terminus)<\/li>\n\n\n\n<li><img decoding=\"async\" style=\"width: 30px;\" src=\"https:\/\/assets-bff.bonjour-ratp.fr\/pictograms\/svg\/BUSINESS_MODE%3ABUS.svg\" alt=\"Bus\"> <img decoding=\"async\" style=\"width: 30px;\" src=\"https:\/\/assets-bff.bonjour-ratp.fr\/pictograms\/svg\/LIG:IDFM:C02000.svg\" alt=\"Ligne 259\"> : arr\u00eat La Jonch\u00e8re<\/li>\n<\/ul>\n\n\n\n<p class=\"wp-block-paragraph\"><strong>En voiture :  <\/strong><\/p>\n\n\n\n<ul class=\"wp-block-list\">\n<li>Parking gratuit au sein du complexe<\/li>\n<\/ul>\n","protected":false},"excerpt":{"rendered":"<p>La salle est accessible du mois de septembre au mois de juin, aux heures pr\u00e9vues, except\u00e9 durant les vacances scolaires pour lesquelles la STAR obtient des d\u00e9rogations. En g\u00e9n\u00e9ral, la salle est d\u00e9laiss\u00e9e au profit du terrain \u00e0 partir des mois d&rsquo;avril-mai. La STAR dispose, pour ses entra\u00eenements, de deux gymnases. Gymnase des Bons Raisins &hellip; <a href=\"https:\/\/rueil-star.com\/site\/index.php\/localisation\/la-salle\/\" class=\"more-link\">Continuer la lecture<span class=\"screen-reader-text\"> de &laquo;&nbsp;La Salle&nbsp;&raquo;<\/span><\/a><\/p>\n","protected":false},"author":2,"featured_media":0,"parent":359,"menu_order":0,"comment_status":"closed","ping_status":"closed","template":"","meta":{"footnotes":""},"class_list":["post-365","page","type-page","status-publish","hentry"],"_links":{"self":[{"href":"https:\/\/rueil-star.com\/site\/index.php\/wp-json\/wp\/v2\/pages\/365","targetHints":{"allow":["GET"]}}],"collection":[{"href":"https:\/\/rueil-star.com\/site\/index.php\/wp-json\/wp\/v2\/pages"}],"about":[{"href":"https:\/\/rueil-star.com\/site\/index.php\/wp-json\/wp\/v2\/types\/page"}],"author":[{"embeddable":true,"href":"https:\/\/rueil-star.com\/site\/index.php\/wp-json\/wp\/v2\/users\/2"}],"replies":[{"embeddable":true,"href":"https:\/\/rueil-star.com\/site\/index.php\/wp-json\/wp\/v2\/comments?post=365"}],"version-history":[{"count":8,"href":"https:\/\/rueil-star.com\/site\/index.php\/wp-json\/wp\/v2\/pages\/365\/revisions"}],"predecessor-version":[{"id":3006,"href":"https:\/\/rueil-star.com\/site\/index.php\/wp-json\/wp\/v2\/pages\/365\/revisions\/3006"}],"up":[{"embeddable":true,"href":"https:\/\/rueil-star.com\/site\/index.php\/wp-json\/wp\/v2\/pages\/359"}],"wp:attachment":[{"href":"https:\/\/rueil-star.com\/site\/index.php\/wp-json\/wp\/v2\/media?parent=365"}],"curies":[{"name":"wp","href":"https:\/\/api.w.org\/{rel}","templated":true}]}}

<p class="wp-block-paragraph">La salle est accessible du mois de septembre au mois de juin, aux <a href="https://rueil-star.com/site/index.php/infos-pratiques/horaires-2026-2027/" data-type="page" data-id="2908">heures prévues</a>, excepté durant les vacances scolaires pour lesquelles la STAR obtient des dérogations. En général, la salle est délaissée au profit du terrain à partir des mois d&rsquo;avril-mai.</p>



<p class="wp-block-paragraph">La STAR dispose, pour ses entraînements, de deux gymnases.</p>



<h2 class="wp-block-heading">Gymnase des Bons Raisins</h2>



<p class="wp-block-paragraph">Le Gymnase des Bons Raisins se situe au <a href="https://goo.gl/maps/qVVCrAC2e8E2">34, rue des Bons Raisins</a>, dans le quartier Plateau Mont-Valérien.<br>Une salle de 30 mètres de long équipée d&rsquo;un mur de stramit pouvant accueillir 11 cibles.</p>



<figure class="wp-block-image size-large"><img loading="lazy" decoding="async" width="1024" height="576" src="https://rueil-star.com/site/wp-content/uploads/2026/07/IMG_4936-1-1024x576.jpg" alt="" class="wp-image-3005" srcset="https://rueil-star.com/site/wp-content/uploads/2026/07/IMG_4936-1-1024x576.jpg 1024w, https://rueil-star.com/site/wp-content/uploads/2026/07/IMG_4936-1-300x169.jpg 300w, https://rueil-star.com/site/wp-content/uploads/2026/07/IMG_4936-1-768x432.jpg 768w, https://rueil-star.com/site/wp-content/uploads/2026/07/IMG_4936-1-1536x864.jpg 1536w, https://rueil-star.com/site/wp-content/uploads/2026/07/IMG_4936-1-2048x1152.jpg 2048w, https://rueil-star.com/site/wp-content/uploads/2026/07/IMG_4936-1-1200x675.jpg 1200w" sizes="auto, (max-width: 709px) 85vw, (max-width: 909px) 67vw, (max-width: 1362px) 62vw, 840px" /></figure>



<h3 class="wp-block-heading">Comment venir ? </h3>



<p class="wp-block-paragraph"><strong>En bus :</strong></p>



<ul class="wp-block-list">
<li><img decoding="async" style="width: 30px;" src="https://assets-bff.bonjour-ratp.fr/pictograms/svg/BUSINESS_MODE%3ABUS.svg" alt="Bus"> <img decoding="async" style="width: 30px;" src="https://assets-bff.bonjour-ratp.fr/pictograms/svg/LIG:IDFM:C01240.svg" alt="Ligne 244"> : arrêt Les Godardes</li>



<li><img decoding="async" style="width: 30px;" src="https://assets-bff.bonjour-ratp.fr/pictograms/svg/BUSINESS_MODE%3ABUS.svg" alt="Bus"> <img decoding="async" style="width: 30px;" src="https://assets-bff.bonjour-ratp.fr/pictograms/svg/LIG:IDFM:C01167.svg" alt="Ligne 141"> : arrêt Saint-Exupéry</li>
</ul>



<p class="wp-block-paragraph"><strong>En voiture :</strong></p>



<ul class="wp-block-list">
<li>Stationnement payant dans la rue </li>



<li>Parking Indigo Maîtres Vignerons</li>
</ul>



<p class="wp-block-paragraph"></p>



<h2 class="wp-block-heading">Gymnase du Vert-Bois</h2>



<p class="wp-block-paragraph">Le Gymnase du Vert Bois est utilisé pour les compétitions en salle organisées par la STAR, et pour <a href="https://rueil-star.com/site/index.php/infos-pratiques/horaires-2026-2027/" data-type="page" data-id="2908">certains créneaux horaires</a>. <br><br>Il est situé complexe Sportif du Vert-Bois, au niveau de la côte de la Jonchère.</p>



<figure class="wp-block-image size-large"><img loading="lazy" decoding="async" width="2560" height="2560" src="https://rueil-star.com/site/wp-content/uploads/2026/07/camphoto_1804928587-edited-scaled.jpg" alt="" class="wp-image-3004" srcset="https://rueil-star.com/site/wp-content/uploads/2026/07/camphoto_1804928587-edited-scaled.jpg 2560w, https://rueil-star.com/site/wp-content/uploads/2026/07/camphoto_1804928587-edited-300x300.jpg 300w, https://rueil-star.com/site/wp-content/uploads/2026/07/camphoto_1804928587-edited-1024x1024.jpg 1024w, https://rueil-star.com/site/wp-content/uploads/2026/07/camphoto_1804928587-edited-150x150.jpg 150w, https://rueil-star.com/site/wp-content/uploads/2026/07/camphoto_1804928587-edited-768x768.jpg 768w, https://rueil-star.com/site/wp-content/uploads/2026/07/camphoto_1804928587-edited-1536x1536.jpg 1536w, https://rueil-star.com/site/wp-content/uploads/2026/07/camphoto_1804928587-edited-2048x2048.jpg 2048w, https://rueil-star.com/site/wp-content/uploads/2026/07/camphoto_1804928587-edited-1200x1200.jpg 1200w" sizes="auto, (max-width: 709px) 85vw, (max-width: 909px) 67vw, (max-width: 1362px) 62vw, 840px" /></figure>



<h3 class="wp-block-heading">Comment venir ? </h3>



<p class="wp-block-paragraph"><strong>En bus : </strong></p>



<ul class="wp-block-list">
<li><img decoding="async" style="width: 30px;" src="https://assets-bff.bonjour-ratp.fr/pictograms/svg/BUSINESS_MODE%3ABUS.svg" alt="Bus"> <img decoding="async" style="width: 30px;" src="https://assets-bff.bonjour-ratp.fr/pictograms/svg/LIG:IDFM:C01248.svg" alt="Ligne 258"> : arrêt La Jonchère (terminus)</li>



<li><img decoding="async" style="width: 30px;" src="https://assets-bff.bonjour-ratp.fr/pictograms/svg/BUSINESS_MODE%3ABUS.svg" alt="Bus"> <img decoding="async" style="width: 30px;" src="https://assets-bff.bonjour-ratp.fr/pictograms/svg/LIG:IDFM:C02000.svg" alt="Ligne 259"> : arrêt La Jonchère</li>
</ul>



<p class="wp-block-paragraph"><strong>En voiture :  </strong></p>



<ul class="wp-block-list">
<li>Parking gratuit au sein du complexe</li>
</ul>

<p>La salle est accessible du mois de septembre au mois de juin, aux heures prévues, excepté durant les vacances scolaires pour lesquelles la STAR obtient des dérogations. En général, la salle est délaissée au profit du terrain à partir des mois d&rsquo;avril-mai. La STAR dispose, pour ses entraînements, de deux gymnases. Gymnase des Bons Raisins &hellip; <a href="https://rueil-star.com/site/index.php/localisation/la-salle/" class="more-link">Continuer la lecture<span class="screen-reader-text"> de &laquo;&nbsp;La Salle&nbsp;&raquo;</span></a></p>
